 Determine w(5).
-19
Let g(z) = z**2 - 12*z + 6. Give g(6).
-30
Let h(p) = 2*p**3 + 15*p**2 + 2*p - 6. Determine h(-5).
109
Let s(u) = 20*u**2 + u - 1. Give s(1).
20
Let d(n) = -4*n - 20. What is d(-5)?
0
Let n(r) = 3*r**2 + 95*r - 130. Determine n(-33).
2
Let i(v) = -19*v - 77. Calculate i(-4).
-1
Let s(v) = v**2 + 10*v - 4. Calculate s(-8).
-20
Let u(j) = j**3 - 17*j**2 - 20*j + 24. Give u(18).
-12
Let x(f) = -2*f + 24. What is x(13)?
-2
Let u(b) = 2*b**3 + 15*b**2 - 3*b - 7. What is u(-8)?
-47
Let q(v) = -11*v - 31. Give q(-7).
46
Let m(g) = g**2 - 23*g - 5. What is m(24)?
19
Let t(z) = z + 10. Determine t(-15).
-5
Let f(y) = -3*y - 7. Calculate f(-6).
11
Let x(l) = -3*l - 65. What is x(-25)?
10
Let b(i) = i**3 - 9*i**2 + 10*i - 10. Determine b(8).
6
Let t(d) = 19*d + 1. Calculate t(-2).
-37
Let n(k) = -2*k**3 + 50*k**2 - 48*k + 3. Give n(24).
3
Let w(r) = 4*r + 12. Give w(4).
28
Let q(p) = p**3 - 7*p**2 + 4*p + 8. Give q(4).
-24
Let u(m) = -3*m**2 + m + 2. Determine u(-2).
-12
Let u(j) = -2*j**2 - 5*j + 7. Give u(-5).
-18
Let u(p) = p**2 + 5*p - 3. What is u(-3)?
-9
Let r(c) = -c**2 + 6*c + 7. Determine r(5).
12
Let c(r) = -4*r**2 - 15*r - 6. What is c(-4)?
-10
Let f(z) = -z**3 + 9*z**2 + 6*z + 8. What is f(9)?
62
Let h(b) = -b**2 + 13*b - 10. What is h(8)?
30
Let o(z) = z + 6. What is o(-5)?
1
Let w(m) = -2*m + 13. Give w(0).
13
Let b(a) = 52*a - 154. Determine b(3).
2
Let u(n) = 122*n**3 - 2*n**2 + n. What is u(1)?
121
Let q(m) = -2*m**3 - 5*m**2 + 3*m + 19. Calculate q(-3).
19
Let g(k) = 6*k + 108. Determine g(-18).
0
Let z(q) = -2*q**2 - 3*q - 2. Determine z(-1).
-1
Let o(f) = -f + 1. What is o(-16)?
17
Let n(l) = l + 29. Determine n(-13).
16
Let g(f) = -f**2 - 2*f + 151. Give g(11).
8
Let v(k) = -3*k**2 + 2*k + 4. Determine v(3).
-17
Let v(l) = -l + 3. Give v(0).
3
Let s(u) = u - 2. Calculate s(4).
2
Let s(o) = o + 8. Determine s(2).
10
Let p(o) = -o**2 - 16*o - 36. What is p(-8)?
28
Let h(f) = -f**2 - 5*f + 28. Calculate h(7).
-56
Let l(x) = -4*x**3 + x**2 - x + 9. What is l(0)?
9
Let b(z) = -z**3 - 10*z**2 - 14*z + 8. Determine b(-8).
-8
Let d(h) = h**3 - 7*h**2 + h - 8. Calculate d(7).
-1
Let f(j) = 4*j - 48. Calculate f(11).
-4
Let v(f) = f**2 + 17*f - 29. Determine v(-19).
9
Let u(c) = -2*c - 8. Calculate u(-3).
-2
Let w(v) = -2*v - 2. Give w(-3).
4
Let y(w) = -w + 2. Determine y(-6).
8
Let y(u) = -103*u + 1859. Calculate y(18).
5
Let f(p) = -3*p + 7. What is f(5)?
-8
Let b(x) = x**2 + 33*x - 63. What is b(-35)?
7
Let q(d) = 22*d - 24. Determine q(3).
42
Let k(m) = m**2 + 8*m - 8. Determine k(-9).
1
Let v(j) = -8*j**2 - 2*j + 7. Calculate v(3).
-71
Let j(r) = r**3 + 16*r**2 + 45*r - 8. Calculate j(-12).
28
Let q(f) = -4*f + 127. Determine q(32).
-1
Let d(a) = -a**3 + 9*a**2 - 20*a + 7. Calculate d(5).
7
Let v(m) = -m**2 - 13*m - 37. What is v(-11)?
-15
Let s(b) = 2*b - 7. Calculate s(-3).
-13
Let r(c) = c**2 + 6*c + 6. Calculate r(-5).
1
Let b(t) = -t**2 - 5*t + 5. Calculate b(-5).
5
Let v(h) = -2*h**2 + 6*h - 1. Determine v(3).
-1
Let y(q) = 15*q - 43. Calculate y(6).
47
Let q(p) = 9*p + 66. What is q(-8)?
-6
Let s(y) = y**2 + 7*y - 5. Calculate s(-11).
39
Let r(y) = y**3 - 11*y**2 - 7*y. Determine r(12).
60
Let c(y) = -y**2 + 6*y + 83. Determine c(-8).
-29
Let a(h) = 23*h - 188. Calculate a(8).
-4
Let i(a) = -9*a + 73. Determine i(6).
19
Let z(i) = i**3 + 4*i**2 - 3*i + 12. Calculate z(-5).
2
Let b(c) = 9*c - 1. Determine b(14).
125
Let v(c) = -c**2 + 7*c - 5. Give v(9).
-23
Let f(v) = 2*v**3 + 27*v**2 + 15*v + 20. Determine f(-13).
-6
Let b(w) = w**3 - 7*w**2 + w - 3. Give b(7).
4
Let k(t) = 3*t**2 - 3*t - 3. Calculate k(3).
15
Let c(s) = -s**2 + 2*s + 14. Calculate c(4).
6
Let s(i) = 33*i - 1. Determine s(0).
-1
Let g(q) = -2*q**2 - 5*q + 1. Determine g(-3).
-2
Let q(d) = -d**3 - 3*d**2 - 2*d + 11. What is q(-4)?
35
Let f(a) = a**3 + 6*a**2 - 6*a + 6. Calculate f(-6).
42
Let i(j) = j - 22. Calculate i(0).
-22
Let m(y) = y**3 + 20*y**2 - y - 23. What is m(-20)?
-3
Let q(f) = -3*f + 106. Determine q(31).
13
Let h(d) = -d**2 - d + 19. What is h(-7)?
-23
Let y(v) = -v - 8. Calculate y(-3).
-5
Let t(h) = h**3 + 9*h**2 - h - 6. Determine t(-9).
3
Let q(o) = 5*o + 80. Calculate q(8).
120
Let q(b) = -b**3 + 14*b**2 + 17*b + 3. Calculate q(15).
33
Let q(z) = -z**2 + 2*z - 5. Determine q(5).
-20
Let l(r) = -r + 16. Calculate l(8).
8
Let b(h) = 5*h + 60. Give b(-11).
5
Let c(j) = -43*j**2 + j + 2. Determine c(-1).
-42
Let o(w) = 30*w**2 - 3*w - 2. Determine o(-1).
31
Let a(d) = 3*d**3 - 3*d**2 - 2*d + 7. What is a(2)?
15
Let b(t) = -2*t + 8. Determine b(6).
-4
Let d(z) = -7*z**2 + 3*z - 4. Calculate d(3).
-58
Let g(m) = 3*m**3 - m**2 - 3*m - 1. Calculate g(-1).
-2
Let n(u) = -3*u**3 + 21*u**2 - 3*u + 14. What is n(7)?
-7
Let h(v) = 16*v + 21. Calculate h(-1).
5
Let j(h) = 9*h - 7. What is j(21)?
182
Let u(h) = -h**3 + 36*h**2 + 117*h - 5. Determine u(39).
-5
Let w(n) = -n**3 + 4*n**2 + 5*n - 2. Determine w(5).
-2
Let w(i) = -26*i + 2. Calculate w(-1).
28
Let m(p) = -9*p**3 + 2*p - 2. Give m(1).
-9
Let f(q) = -10*q + 2. Give f(-1).
12
Let j(h) = -h**2 + 7*h - 7. Calculate j(8).
-15
Let a(v) = -v**2 + 2*v + 3. Determine a(5).
-12
Let h(p) = -p**3 - 2*p - 1. Calculate h(-2).
11
Let y(i) = -i + 7. Determine y(0).
7
Let a(p) = -30*p**3 + p**2 - p + 1. Give a(1).
-29
Let t(d) = d**3 - 11*d - 7. Determine t(-4).
-27
Let r(b) = b**3 - 3*b**2 - 11*b - 1. What is r(5)?
-6
Let j(b) = 2*b**3 - 2*b**2 - b + 1. Give j(2).
7
Let o(g) = -g**3 + 4*g**2 + 3. Give o(3).
12
Let v(x) = 37*x + 34. Give v(-1).
-3
Let n(i) = i**3 - 14*i**2 + 16*i + 19. Give n(13).
58
Let r(n) = -8*n - 33. Calculate r(-6).
15
Let w(g) = 2*g**2 - 12*g + 28. Determine w(2).
12
Let o(t) = -4*t**2 + 13*t - 35. Determine o(7).
-140
Let t(c) = -c**3 - 9*c**2 + 23*c + 16. Calculate t(-11).
5
Let s(l) = -l**2 - 15*l - 57. Give s(-8).
-1
Let h(z) = -2*z + 1. What is h(-5)?
11
Let n(g) = g**3 + 18*g**2 + 6*g + 4. Determine n(-18).
-104
Let m(q) = -2*q**2 - 18*q - 41. Give m(-7).
-13
Let y(p) = p**3 - 16*p**2 - p + 10. Determine y(16).
-6
Let c(g) = -4*g - 9. Calculate c(-7).
19
Let d(i) = i**3 - 2*i**2 - 2*i - 2. Give d(2).
-6
Let t(l) = -2*l**2 - 5. Give t(2).
-13
Let x(h) = h + 1. Determine x(-6).
-5
Let s(q) = -2*q**2 + 18*q + 131. What is s(14)?
-9
Let p(j) = -j**3 - 3*j**2 - 2*j. Give p(-2).
0
Let v(p) = 11*p. Calculate v(1).
11
Let t(j) = -j**3 + 14*j**2 + 51*j - 5. Give t(17).
-5
Let s(i) = -i**2 - 9*i - 10. What is s(-8)?
-2
Let w(j) = -2*j**3 - 13*j**2 - 6*j. Determine w(-6).
0
Let u(c) = -c**3 + 3*c**2 + 2*c + 2. Give u(4).
-6
Let p(o) = 19*o - 67. Determine p(7).
66
Let y(b) = -b - 11. Determine y(-15).
4
Let s(u) = u - 10. Determine s(18).
8
Let i(f) = 3*f**2 - 52*f + 35. Calculate i(16).
-29
Let r(k) = -k**2 - 4*k + 16. Determine r(-8).
-16
Let r(a) = -a**3 + a**2 + 33*a - 61. What is r(-6)?
-7
Let c(f) = 19*f**2 + 341*f - 8. Calculate c(-18).
10
Let a(t) = -t + 24. Give a(11).
13
Let r(o) = -21*o**3 - o**2 + o - 1. Calculate r(1).
-22
Let l(w) = -2*w**3 + 2*w**2 + w. Give l(-1).
3
Let w(d) = d + 24. Calculate w(-8).
16
Let z(o) = -o**3 + 10*o**2 + 11*o + 1. Give z(11).
1
Let p(d) = -d**3 + 17*d**2 + 4*d - 77. What is p(17)?
-9
Let v(x) = x**3 - 5*x**2 + 7*x. Determine v(5).
35
Let h(k) = -k**2 - 17*k - 18. Calculate h(-14).
24
Let x(j) = -j**2 + 17*j - 66. Determine x(10).
4
Let j(a) = -4*a + 49. Determine j(8).
17
Let i(b) = -b + 4. Calculate i(0).
4
Let f(z) = -12*z - 11. Calculate f(-5).
49
Let r(m) = 23*m + 204. Give r(-9).
-3
Let b(s) = s**3 - 10*s**2 - 10*s - 6. What is b(11)?
5
Let x(t) = -t**2 + 2*t + 2. Determine x(4).
-6
Let d(j) = j**3 + 2*j**2 + j. What is d(-4)?
-36
Let s(o) = o**2 - 5*o + 1. What is s(3)?
-5
Let t(o) = 5*o**2 + 2. What is t(4)?
82
Let b(h) = 28*h + 7. Calculate b(-3).
-77
Let z(q) = -q**2 + q + 10. Calculate z(-7).
-46
Let w(s) = -52*s - 63. What is w(-1)?
-11
Let w(r) = r**3 - 2*r - 5. Give w(3).
16
Let q(w) = 2*w**2 - 26*w - 31. Give q(16).
65
Let s(h) = -h - 16. Calculate s(-11).
-5
Let d(j) = -j**2 + 13*j + 42. Give d(15).
12
Let t(q) = q**3 + 3*q**2 - 35*q - 128. What is t(-4)?
-4
Let m(k) = -k**2 + 14*k - 15. Determine m(6).
33
Let l(f) = f**2 + 21*f + 72. Calculate l(-16).
-8
Let n(o) = 2*o**2 - 32*o + 169. Calculate n(7).
43
Let g